{"id":11552,"date":"2024-08-03T20:14:34","date_gmt":"2024-08-03T18:14:34","guid":{"rendered":"https:\/\/groups.uni-paderborn.de\/asv\/?page_id=11552"},"modified":"2024-08-15T00:59:52","modified_gmt":"2024-08-14T22:59:52","slug":"hinweis-zum-offentlichen-fotografieren-de-public-photography-notice-en-14-8-24","status":"publish","type":"page","link":"https:\/\/asv.uni-paderborn.de\/de\/hinweis-zum-offentlichen-fotografieren-de-public-photography-notice-en-14-8-24\/","title":{"rendered":"Hinweis zum \u00f6ffentlichen Fotografieren (de) \/ Public Photography Notice (en) 14.8.24"},"content":{"rendered":"<p><strong>(Englische Version unten)<\/strong><\/p>\n<p style=\"text-align: center;\"><strong>Hinweis zum \u00f6ffentlichen Fotografieren<\/strong><\/p>\n<p>Im Folgenden und f\u00fcr alle damit zusammenh\u00e4ngenden Angelegenheiten beziehen sich die Begriffe &#8220;Veranstaltung&#8221; und &#8220;Event&#8221; auf den &#8220;L\u00e4nderabend Pakistan&#8221; der am 11.9.2024 im G-H\u00f6rsaal, Universit\u00e4t Paderborn, Warburger Str. 100, Paderborn 33098 ab 18:00 Uhr durchgef\u00fchrt wird.<\/p>\n<p>Mit dem Kauf der Eintrittskarte erm\u00e4chtigen Sie die <em>ASV (Ausl\u00e4ndische Studierenden-Vertretung)<\/em> und die <em>PSA (Pakistan Student Association)<\/em> sowie deren verbundene Unternehmen, die Bilder und Aufnahmen \u00fcber unsere Social-Media-Kan\u00e4le, unsere Websites und andere Marketingmaterialien f\u00fcr Marketing- und Werbezwecke oder in jeglichem Zusammenhang mit der Veranstaltung dauerhaft zu nutzen. Sie nehmen zur Kenntnis, dass alle Foto-, Film- und\/oder Videoaufnahmen im Vertrauen auf diese von Ihnen durch das Betreten dieses Bereichs erteilte Zustimmung gemacht werden.<\/p>\n<p>Wir danken Ihnen.<\/p>\n<p><strong>(English Version)<\/strong><\/p>\n<p style=\"text-align: center;\"><strong>Public Photography Notice<\/strong><\/p>\n<p>Here-after in this document, and for all the related matters, the terms &#8220;event&#8221; and &#8220;Event&#8221; refers to &#8220;L\u00e4nderabend Pakistan&#8221;, that is conducted on 11.09.2024 in G-H\u00f6rsaal (G-Lecture Hall), Universt\u00e4t Paderborn, Warburger Str. 100, Paderborn 33098 from 18:00 onwards.<\/p>\n<p>This event will be filmed and photographed. The recording will include the shots and photographs of attendees.<\/p>\n<p>By purchasing the ticket, you authorize <em>ASV (Ausl\u00e4ndische Studierenden-Vertretung)<\/em> and <em>PSA (Pakistan Student Association)<\/em>; and their affiliates to utilize the images and recordings via our social media handles, our websites and other marketing material in perpetuity, for marketing and promotion or whatsoever connection with the event. You understand that all photography, filming and\/or recording will be done in reliance of this consent given by you by entering this area.<\/p>\n<p>Thank you.<\/p>","protected":false},"excerpt":{"rendered":"<p>(Englische Version unten) Hinweis zum \u00f6ffentlichen Fotografieren Im Folgenden und f\u00fcr alle damit zusammenh\u00e4ngenden Angelegenheiten beziehen sich die Begriffe &#8220;Veranstaltung&#8221; und &#8220;Event&#8221; auf den &#8220;L\u00e4nderabend Pakistan&#8221; der am 11.9.2024 im &#8230;<\/p>","protected":false},"author":2945,"featured_media":0,"parent":0,"menu_order":0,"comment_status":"closed","ping_status":"closed","template":"","meta":{"footnotes":""},"class_list":["post-11552","page","type-page","status-publish","hentry"],"_links":{"self":[{"href":"https:\/\/asv.uni-paderborn.de\/de\/wp-json\/wp\/v2\/pages\/11552"}],"collection":[{"href":"https:\/\/asv.uni-paderborn.de\/de\/wp-json\/wp\/v2\/pages"}],"about":[{"href":"https:\/\/asv.uni-paderborn.de\/de\/wp-json\/wp\/v2\/types\/page"}],"author":[{"embeddable":true,"href":"https:\/\/asv.uni-paderborn.de\/de\/wp-json\/wp\/v2\/users\/2945"}],"replies":[{"embeddable":true,"href":"https:\/\/asv.uni-paderborn.de\/de\/wp-json\/wp\/v2\/comments?post=11552"}],"version-history":[{"count":2,"href":"https:\/\/asv.uni-paderborn.de\/de\/wp-json\/wp\/v2\/pages\/11552\/revisions"}],"predecessor-version":[{"id":11644,"href":"https:\/\/asv.uni-paderborn.de\/de\/wp-json\/wp\/v2\/pages\/11552\/revisions\/11644"}],"wp:attachment":[{"href":"https:\/\/asv.uni-paderborn.de\/de\/wp-json\/wp\/v2\/media?parent=11552"}],"curies":[{"name":"wp","href":"https:\/\/api.w.org\/{rel}","templated":true}]}}

Hinweis zum öffentlichen Fotografieren (de) / Public Photography Notice (en) 14.8.24

<p><strong>(Englische Version unten)</strong></p>
<p style="text-align: center;"><strong>Hinweis zum öffentlichen Fotografieren</strong></p>
<p>Im Folgenden und für alle damit zusammenhängenden Angelegenheiten beziehen sich die Begriffe &#8220;Veranstaltung&#8221; und &#8220;Event&#8221; auf den &#8220;Länderabend Pakistan&#8221; der am 11.9.2024 im G-Hörsaal, Universität Paderborn, Warburger Str. 100, Paderborn 33098 ab 18:00 Uhr durchgeführt wird.</p>
<p>Mit dem Kauf der Eintrittskarte ermächtigen Sie die <em>ASV (Ausländische Studierenden-Vertretung)</em> und die <em>PSA (Pakistan Student Association)</em> sowie deren verbundene Unternehmen, die Bilder und Aufnahmen über unsere Social-Media-Kanäle, unsere Websites und andere Marketingmaterialien für Marketing- und Werbezwecke oder in jeglichem Zusammenhang mit der Veranstaltung dauerhaft zu nutzen. Sie nehmen zur Kenntnis, dass alle Foto-, Film- und/oder Videoaufnahmen im Vertrauen auf diese von Ihnen durch das Betreten dieses Bereichs erteilte Zustimmung gemacht werden.</p>
<p>Wir danken Ihnen.</p>
<p><strong>(English Version)</strong></p>
<p style="text-align: center;"><strong>Public Photography Notice</strong></p>
<p>Here-after in this document, and for all the related matters, the terms &#8220;event&#8221; and &#8220;Event&#8221; refers to &#8220;Länderabend Pakistan&#8221;, that is conducted on 11.09.2024 in G-Hörsaal (G-Lecture Hall), Universtät Paderborn, Warburger Str. 100, Paderborn 33098 from 18:00 onwards.</p>
<p>This event will be filmed and photographed. The recording will include the shots and photographs of attendees.</p>
<p>By purchasing the ticket, you authorize <em>ASV (Ausländische Studierenden-Vertretung)</em> and <em>PSA (Pakistan Student Association)</em>; and their affiliates to utilize the images and recordings via our social media handles, our websites and other marketing material in perpetuity, for marketing and promotion or whatsoever connection with the event. You understand that all photography, filming and/or recording will be done in reliance of this consent given by you by entering this area.</p>
<p>Thank you.</p>

<p>(Englische Version unten) Hinweis zum öffentlichen Fotografieren Im Folgenden und für alle damit zusammenhängenden Angelegenheiten beziehen sich die Begriffe &#8220;Veranstaltung&#8221; und &#8220;Event&#8221; auf den &#8220;Länderabend Pakistan&#8221; der am 11.9.2024 im &#8230;</p>
